20 + 112012?
2121122202
In base 14, what is 5b2c74 - -4d?
5b2cc3
In base 12, what is -3 + 111b8b5?
111b8b2
In base 3, what is 101 - 10121001021121?
-10121001021020
In base 7, what is 10220363 - -66?
10220462
In base 12, what is 1437 - -149250?
14a687
In base 16, what is -8988f4 - 5?
-8988f9
In base 2, what is -1010011001010001111011001 - 1?
-1010011001010001111011010
In base 4, what is 11 + -2210213031?
-2210213020
In base 3, what is -1122221122120 - 2?
-1122221122122
In base 16, what is -529e0 + -4?
-529e4
In base 2, what is 11 - -11111111110100100001110?
11111111110100100010001
In base 11, what is 4718 + -149?
457a
In base 11, what is -134a8656 - a?
-134a8665
In base 2, what is 1100 - -1110010101111?
1110010111011
In base 2, what is 101100010100 + -11111111010000010?
-11111001101101110
In base 7, what is 34443 - -21436?
56212
In base 6, what is 4253 - -101340?
110033
In base 12, what is -175 + -249805?
-24997a
In base 12, what is 75 + 227a93?
227b48
In base 14, what is 8 + -57196c?
-571964
In base 7, what is 160 - 1264311?
-1264121
In base 10, what is 2064109 + 47?
2064156
In base 6, what is -2553201 - -21?
-2553140
In base 10, what is -225 - -201422?
201197
In base 15, what is -9a - -108380?
1082d5
In base 16, what is 51c3a1d + 5?
51c3a22
In base 9, what is 136647308 - -1?
136647310
In base 10, what is -184469 + 14?
-184455
In base 12, what is -10a34 - -352b?
-9505
In base 11, what is -275 + 33192?
32a18
In base 9, what is -3 + 171020622?
171020618
In base 4, what is 1013121 - 2122101?
-1102320
In base 16, what is dcf5ad - 3?
dcf5aa
In base 3, what is 0 - -11122122110102?
11122122110102
In base 12, what is 2 + -75700521?
-7570051b
In base 14, what is 7827 + -23d?
75c8
In base 13, what is 179b0c5 + 10?
179b105
In base 6, what is -3 - -41530005532?
41530005525
In base 11, what is -3 - 3837762?
-3837765
In base 7, what is 22526645 - -30?
22530005
In base 7, what is 5 + -32125051?
-32125043
In base 16, what is -19 + b83e?
b825
In base 2, what is -10111001 - 10110111110001111000?
-10110111110100110001
In base 10, what is -23 + -139562?
-139585
In base 3, what is 10120121 - -11000022?
21120220
In base 16, what is -d9b6 - 28f?
-dc45
In base 7, what is 1445 + -562026?
-560251
In base 10, what is 11563865 + 0?
11563865
In base 6, what is -2 - -451055333?
451055331
In base 12, what is -231a5a3 + 1?
-231a5a2
In base 16, what is -106c6cf - 41?
-106c710
In base 3, what is -1121020 + -2121011?
-11012101
In base 8, what is -2070 - -315745?
313655
In base 3, what is 10101121120002 + -22212?
10101121020020
In base 3, what is -1202201011002120 - 11?
-1202201011002201
In base 7, what is 4 + -20063501?
-20063464
In base 10, what is 10 + -6351209?
-6351199
In base 2, what is -10 + -11010001101011101100011?
-11010001101011101100101
In base 15, what is -1e - c253d?
-c255c
In base 2, what is 1 - 111110010010001100001110?
-111110010010001100001101
In base 8, what is 22106526 + 2?
22106530
In base 10, what is 86852 - 738?
86114
In base 11, what is 2 - -9443791?
9443793
In base 4, what is 222021212 - -10130?
222032002
In base 9, what is 1 - 1725874?
-1725873
In base 4, what is -23130 - -101233?
12103
In base 4, what is 30110131311 + -1?
30110131310
In base 7, what is 31 - 1650131?
-1650100
In base 7, what is 342 - -145241?
145613
In base 3, what is -2210110012 + -222111?
-2211102200
In base 2, what is 11011 - -111111000000110100111?
111111000000111000010
In base 14, what is 1 + -362474a?
-3624749
In base 14, what is -2 - -32c9666?
32c9664
In base 12, what is -144 + 104465?
104321
In base 7, what is 0 + 21064310?
21064310
In base 4, what is 131002001 - 100030?
130301311
In base 12, what is -2 - -4448aab4?
4448aab2
In base 11, what is 140701 - -79?
14077a
In base 5, what is 2000011101 + -10?
2000011041
In base 10, what is 1136 - 529651?
-528515
In base 5, what is 10022110131121 - 10?
10022110131111
In base 7, what is -5354 - -44204?
35520
In base 5, what is -231010432 - 42?
-231011024
In base 11, what is 9 - -1680a838?
1680a846
In base 11, what is 8931592 - -7?
8931599
In base 12, what is -b + -11b31?
-11b40
In base 13, what is 29a8ba3a + 3?
29a8ba40
In base 16, what is 60 + -6a921?
-6a8c1
In base 7, what is 22 + 16524200?
16524222
In base 9, what is 207620 + 587?
208317
In base 2, what is -10010 - 110100011001110110011?
-110100011001111000101
In base 11, what is -34916444 + 5?
-3491643a
In base 3, what is 10 - 2000000102100121?
-2000000102100111
In base 8, what is -72732 + 7?
-72723
In base 7, what is 3 + -4103465345?
-4103465342
In base 7, what is 15 - 1004264324?
-1004264306
In base 2, what is 100000001000010100 + -100000?
100000000111110100
In base 2, what is 10110111110010011001100 - -10011?
10110111110010011011111
In base 9, what is -230120 + -140?
-230260
In base 7, what is -4540631226 - 5?
-4540631234
In base 7, what is 2 + 1101034665?
1101035000
In base 6, what is -401113 + 2240?
-354433
In base 12, what is 3a5a989 + 1?
3a5a98a
In base 2, what is 101 - -10010001000101000010101100?
10010001000101000010110001
In base 5, what is 401124 - 422233?
-21104
In base 5, what is -201444023 + 34?
-201443434
In base 3, what is 1000 - -1010201022210021?
1010201022211021
In base 4, what is -20003 + -32202122?
-32222131
In base 8, what is -1263030005 - -4?
-1263030001
In base 7, what is 25 - -560334?
560362
In base 12, what is -14190 - -2b0?
-13aa0
In base 3, what is -100122010202202112 + 10?
-100122010202202102
In base 2, what is -100000101001011011011100 - 0?
-100000101001011011011100
In base 5, what is 131144031 + 1323?
131200404
In base 14, what is -422 - -d3b73?
d3751
In base 15, what is -b7 + -b830?
-b8e7
In base 3, what is -102221001 - 20012?
-110011020
In base 5, what is -140041 - 30242?
-220333
In base 2, what is 10010 + -101000011010010000?
-101000011001111110
In base 10, what is 443946 - -70?
444016
In base 13, what is 2851ccb74 + -2?
2851ccb72
In base 15, what is -83 + 3d2b5a?
3d2ac7
In base 6, what is 13530545031 + -1?
13530545030
In base 11, what is -92171 - -3188?
-89a94
In base 13, what is 4692 + 48?
470a
In base 15, what is 11 - -2b724d?
2b725e
In base 10, what is 68928827 + 1?
68928828
In base 10, what is 632472 - -102?
632574
In base 9, what is -1 + 22740372?
22740371
In base 6, what is 4405015550 - 5?
4405015541
In base 15, what is 1979c + 23b5?
1bb62
In base 16, what is -243a1be + 3?
-243a1bb
In base 8, what is 2165305270 + 0?
2165305270
In base 8, what is -1260650 + 65?
-1260563
In base 3, what is 101102110 - -222201?
102102011
In base 14, what is 5107a80 + 4?
5107a84
In base 10, what is 2 - -6575510?
6575512
In base 7, what is -321035354 + 4?
-321035350
In base 9, what is -6176387 + 4?
-6176383
In base 13, what is 72 + 60791?
60833
In base 14, what is 8a263b + -66?
8a25b5
In base 6, what is -24521302312 - 4?
-24521302320
In base 3, what is -211122001221012112 - 11?
-211122001221012200
In base 3, what is -1011110100211012222 + 2?
-1011110100211012220
In base 14, what is 17 - -293cac?
293cc5
In base 16, what is 361991a + -7?
3619913
In base 2, what is -1101101010111011010100 - -100?
-1101101010111011010000
In base 15, what is 8 + 1586545?
158654d
In base 2, what is 11110010100100101100 + -1010000001?
11110010011010101011
In base 3, what is 101 - -202020122111?
202020122212
In base 3, what is -202000100102 - -121?
-202000022211
In base 11, what is 6298016 + 15?
6298030
In base 10, what is -5886589 - 1?
-5886590
In base 8, what is 11332 + 21717?
33251
In base 8, what is -175764 + -22723?
-220707
In base 9, what is 1 - 200601582?
-200601581
In base 13, what is -a - -553566?
553559
In base 16, what is 274 - 155c2?
-1534e
In base 4, what is -231123223200 + 0?
-231123223200
In base 11, what is 453185 + 62?
453237
In base 3, what is -120121 - 1112011021?
-1112201212
In base 3, what is 2202011 + -211110100?
-201201012
In base 9, what is 43542 - 25612?
16830
In base 4, what is -2323223123310 - 11?
-2323223123321
In base 3, what is -10020 + -2122101022200?
-2122101102220
In base 6, what is 4 - -143213553?
143214001
In base 2, what is -1011 + 10111011100100110010?
10111011100100100111
In base 5, what is -11232444 + 2414?
-11230030
In base 13, what is -8665a6 - 3?
-8665a9
In base 11, what is 4664 + -646?
4019
In base 5, what is -12140121 - 23042?
-12213213
In ba